 base 4, what is -20131 + -10013003?
-10033200
In base 4, what is 22122213202230 + 2?
22122213202232
In base 2, what is -1 - 11011111100100110100111001?
-11011111100100110100111010
In base 13, what is -7bb - -1524?
a36
In base 15, what is 23068445 + -1?
23068444
In base 2, what is 11000010111010001111 + 1000111?
11000010111011010110
In base 15, what is -1d - 1ca0b?
-1ca29
In base 3, what is -101011002 - -1121?
-101002111
In base 14, what is 1 + -ba88c?
-ba88b
In base 9, what is -1 + 36730844?
36730843
In base 16, what is -4 - ab4a461?
-ab4a465
In base 14, what is -3 - db5716?
-db5719
In base 9, what is -4866062 + 6?
-4866055
In base 6, what is -101015 + 2325553?
2224534
In base 4, what is -2132113303 + 2?
-2132113301
In base 7, what is -34 - 233554466?
-233554533
In base 11, what is -2 + 3959708?
3959706
In base 13, what is b1 + -90c76?
-90b95
In base 3, what is 102111201000111 - -2?
102111201000120
In base 7, what is -3 - 104230304?
-104230310
In base 16, what is -6d331 - -2?
-6d32f
In base 10, what is 794 + -880?
-86
In base 6, what is -30 + 11554310?
11554240
In base 11, what is -4622 - 111?
-4733
In base 5, what is 1344211203 - -2?
1344211210
In base 9, what is 41 - 1416287?
-1416246
In base 5, what is 1403234 + 240002?
2143241
In base 3, what is -200211021 - -22200120?
-101010201
In base 7, what is 444 - -3316544?
3320321
In base 16, what is -f407 - 4c?
-f453
In base 5, what is -24440 + -103104?
-133044
In base 11, what is -74a + -5222?
-5971
In base 15, what is 4d2 - -22bab?
2318d
In base 6, what is 251053 - -1231?
252324
In base 13, what is -a06a + -2b5?
-a352
In base 3, what is -12122 - 2200100000202?
-2200100020101
In base 13, what is -13a + -21112b?
-211268
In base 10, what is 21 + -15531910?
-15531889
In base 5, what is -101110 + 1232033?
1130423
In base 15, what is -264 - -820a?
7e96
In base 14, what is 21 + -136968?
-136947
In base 15, what is -1b3 - 6733?
-68e6
In base 5, what is 4 + -20210?
-20201
In base 5, what is -214323121321 + 2?
-214323121314
In base 6, what is -4505312 - -5041?
-4500231
In base 3, what is 1 + -1202021001102011?
-1202021001102010
In base 8, what is 7 + -510252404?
-510252375
In base 2, what is 1 + 110010111000101110110?
110010111000101110111
In base 3, what is 212001222221020 + 1?
212001222221021
In base 4, what is -2333102131031 + -31?
-2333102131122
In base 14, what is -3a83 - b7ac?
-11451
In base 8, what is 64013210 - 20?
64013170
In base 8, what is 72002411 - -11?
72002422
In base 9, what is -6005817 + -5?
-6005823
In base 3, what is -1020021221 + -121220?
-1020220211
In base 12, what is 2502 - -27919?
2a21b
In base 7, what is 204 + -21125145?
-21124641
In base 2, what is 1010011010011101 + -1000000101?
1010010010011000
In base 13, what is -5ca6c383 + 5?
-5ca6c37b
In base 13, what is 22a21a4 + -2?
22a21a2
In base 6, what is 10 - -14144300551?
14144301001
In base 9, what is 10218822 + 4?
10218826
In base 4, what is -10 + 22201331323223?
22201331323213
In base 9, what is 1231 - 123436?
-122205
In base 10, what is -6175 + -3110?
-9285
In base 15, what is 3b975b56 - -1?
3b975b57
In base 4, what is -10 + 132133230232?
132133230222
In base 15, what is 11 + -97144?
-97133
In base 13, what is -b979 + 210?
-b769
In base 6, what is -4502235 - 24?
-4502303
In base 16, what is -1d - 62c28?
-62c45
In base 11, what is 69 + -192430?
-192372
In base 14, what is 99a + -b79?
-1bd
In base 8, what is -361255360 - 2?
-361255362
In base 14, what is 124 - 4a82?
-495c
In base 16, what is -21d - de94?
-e0b1
In base 8, what is -442014 - 4431?
-446445
In base 6, what is 22 + -15420303?
-15420241
In base 10, what is -260976 - 56?
-261032
In base 2, what is 1000001011110100010 + 10110?
1000001011110111000
In base 7, what is -1430 - 353554?
-355314
In base 5, what is -3400 + 4213000?
4204100
In base 4, what is 0 + -11101033321322?
-11101033321322
In base 16, what is -12 - -205f62?
205f50
In base 2, what is -1101101111010010010000 + 11?
-1101101111010010001101
In base 11, what is 1a5 - 62049?
-61954
In base 16, what is -7 + 1f572?
1f56b
In base 4, what is -21 + -202010021?
-202010102
In base 10, what is -34627402 + 3?
-34627399
In base 3, what is 2 + 211200102220200?
211200102220202
In base 6, what is -5 - -55521431?
55521422
In base 11, what is 430779 + -8?
430771
In base 6, what is -1150221351025 + 4?
-1150221351021
In base 2, what is 10010100 - 1101111101001111?
-1101111010111011
In base 13, what is 6 + -1c63b?
-1c635
In base 10, what is -55 - 10224350?
-10224405
In base 9, what is 30368685 + -6?
30368678
In base 7, what is -11 - 3532501?
-3532512
In base 5, what is 141 - 24114432?
-24114241
In base 16, what is -16ae4 - 22?
-16b06
In base 4, what is -1323 - 200133203?
-200201132
In base 7, what is 642064 + 1440?
643534
In base 7, what is 1423 - -16614?
21340
In base 3, what is -221 + -110222222021?
-111000000012
In base 16, what is -a3b + -8197?
-8bd2
In base 16, what is 17 + -1b7ff?
-1b7e8
In base 11, what is 447729a + 24?
4477313
In base 12, what is 154105a - 13?
1541047
In base 5, what is 2 + -140221044104?
-140221044102
In base 9, what is 21 + 5155264?
5155285
In base 15, what is 33c5 - d05b?
-9b86
In base 15, what is 7 - 7ae005?
-7adeed
In base 16, what is c2a86d2 - 1?
c2a86d1
In base 16, what is 22 + 115ab4?
115ad6
In base 15, what is -a3 + 43db?
4338
In base 6, what is 1341213 + 120?
1341333
In base 10, what is -5 + -4177667?
-4177672
In base 2, what is 111100100001011100010010000 + 100?
111100100001011100010010100
In base 10, what is 965358612 - -3?
965358615
In base 5, what is -3422 + -14401234?
-14410211
In base 10, what is 491 - 515919?
-515428
In base 16, what is -1c0 + 20c2?
1f02
In base 14, what is 582775 + c?
582783
In base 9, what is -3 + 8306041?
8306037
In base 6, what is 11 + -222510504?
-222510453
In base 13, what is 1b1 + -b2a?
-949
In base 4, what is 12333033222013 - -10?
12333033222023
In base 11, what is -1a8 + -1750266?
-1750463
In base 8, what is 24167 + 323?
24512
In base 7, what is -34 + 16121100?
16121033
In base 14, what is 1102b + 1067?
12094
In base 12, what is 1983 + -9905?
-7b42
In base 14, what is -d0 - -70299?
701a9
In base 11, what is -130 + -104152?
-104282
In base 14, what is 22d - -61059?
61288
In base 12, what is 941 + 72a?
146b
In base 5, what is -23223313242 - 3?
-23223313300
In base 8, what is 12405 + -5332?
5053
In base 6, what is -2 - 1312320352?
-1312320354
In base 11, what is -1 + 13417915?
13417914
In base 12, what is 5 + 673111?
673116
In base 7, what is -6 - -125353?
125344
In base 12, what is -60576 + 1134?
-5b442
In base 3, what is -1020222121 - -20200201?
-1000021220
In base 11, what is 19415 - 235?
19190
In base 9, what is 5432 - 8?
5423
In base 12, what is -414570 + 3?
-414569
In base 7, what is -30554 - -46362?
15505
In base 2, what is 1 - 1001001100100100010001?
-1001001100100100010000
In base 5, what is -1121001 - -304244?
-311202
In base 9, what is 30002 - -1181?
31183
In base 6, what is -115143352 - -530?
-115142422
In base 14, what is -cb95 + 9?
-cb8a
In base 6, what is -3 - -352113141?
352113134
In base 5, what is 1320340 - -103122?
1424012
In base 16, what is -1 - -1094097c?
1094097b
In base 7, what is 5 - -202640100?
202640105
In base 10, what is -14 + 1375366?
1375352
In base 2, what is -1010101001011011101110100 + 11?
-1010101001011011101110001
In base 14, what is 5 - -6166614?
6166619
In base 13, what is -21958 - -38?
-21920
In base 4, what is 11130202 + -1322231?
3201311
In base 7, what is -534314 - -52?
-534232
In base 7, what is -26465 - -3114?
-23351
In base 16, what is 69 + 145010?
145079
In base 4, what is 11 - 1032031322112?
-1032031322101
In base 3, what is 1200112122021 + 200?
1200112122221
In base 16, what is -1 + -2e836e?
-2e836f
In base 11, what is -417 + 1407237?
1406920
In base 11, what is 42aa18 + 360?
430278
In base 4, what is 321220131 + -22?
321220103
In base 3, what is 220122120110201110 + -12?
220122120110201021
In base 14, what is 3162c5 + 2c?
316313
In base 13, what is -4410c + 1c?
-440c0
In base 14, what is 4 - -2106612b?
21066131
In base 3, what is -12012111 - 211202?
-20001020
In base 11, what is 39794615 + -4?
39794611
In base 11, what is 340 - 605aa9?
-605769
In base 9, what is 286777 + -581?
286186
In base 13, what is 8b2 - b6c9?
